s 1799473889 composite?
False
Is 7033163 a composite number?
False
Is 315952913 prime?
True
Is 3497895173 a composite number?
False
Is 4715728411 a composite number?
False
Is 678190603 a composite number?
False
Is 5229448507 composite?
False
Is 2887624577 a prime number?
True
Is 2964341279 a composite number?
False
Is 48536734781 prime?
True
Is 17018279051 prime?
True
Is 2731894439 composite?
True
Is 57005217523 a prime number?
False
Is 17355193979 composite?
True
Is 21261029 prime?
True
Is 1528190603 prime?
False
Is 79961813059 a prime number?
True
Is 50330602655 a composite number?
True
Is 20123792267 prime?
False
Is 1330184501 a composite number?
True
Is 1430969387 composite?
True
Is 2614128823 a composite number?
False
Is 537669757 a composite number?
True
Is 15785172047 a prime number?
False
Is 10699072883 a prime number?
True
Is 2541105031 a prime number?
True
Is 775964101 composite?
True
Is 1065182707 composite?
False
Is 79174277671 composite?
False
Is 15315298379 a prime number?
True
Is 1852081579 a prime number?
True
Is 16526263763 a prime number?
False
Is 74629991 a composite number?
False
Is 13176723661 composite?
False
Is 1448683591 prime?
True
Is 16480562401 a composite number?
False
Is 2869758397 prime?
False
Is 4794710407 composite?
False
Is 1169448439 a composite number?
False
Is 47072873513 a prime number?
False
Is 7468366741 composite?
True
Is 405779051 composite?
True
Is 760832539 a composite number?
False
Is 34764048827 a prime number?
True
Is 19944900389 a composite number?
True
Is 1967143751 prime?
True
Is 1497842959 a prime number?
False
Is 17618827 a composite number?
False
Is 398460863 composite?
False
Is 14014420543 a prime number?
False
Is 151691427643 composite?
True
Is 12427774433 a prime number?
False
Is 26515301003 composite?
False
Is 11255841941 a composite number?
True
Is 18025855333 prime?
False
Is 17862697729 composite?
False
Is 468151129 prime?
False
Is 1010923343 composite?
True
Is 2937150137 a composite number?
True
Is 1265416627 a composite number?
True
Is 4894923197 composite?
False
Is 801761963 a prime number?
True
Is 5699544629 a prime number?
False
Is 74563417 a composite number?
True
Is 5129646059 a composite number?
False
Is 89881070897 composite?
True
Is 6324172093 composite?
True
Is 272825989 prime?
True
Is 597484661 composite?
False
Is 35800829 a composite number?
False
Is 220921697 prime?
True
Is 34844438341 a prime number?
True
Is 29548471669 composite?
False
Is 25376449561 prime?
True
Is 75060581 prime?
True
Is 125004344789 a prime number?
False
Is 435551186827 composite?
False
Is 686557931 prime?
True
Is 479569249 composite?
True
Is 5125519277 prime?
False
Is 364334563 a composite number?
False
Is 25143369521 a composite number?
False
Is 628570433 prime?
False
Is 12027517031 composite?
False
Is 5284926371 a prime number?
True
Is 1122747551 prime?
True
Is 91098772487 a composite number?
True
Is 2482920403 prime?
False
Is 5168575591 composite?
True
Is 5713423483 a composite number?
False
Is 34260229 composite?
False
Is 383923637 composite?
True
Is 82205693057 prime?
False
Is 413263679 composite?
False
Is 8111398909 composite?
False
Is 54833599147 composite?
True
Is 6801788749 a composite number?
True
Is 69619972493 composite?
True
Is 7958916331 a composite number?
False
Is 7082699831 a prime number?
False
Is 6327063397 prime?
True
Is 1693968977 prime?
True
Is 5352216473 composite?
True
Is 3310793153 prime?
True
Is 4693166011 composite?
False
Is 2809575673 a composite number?
False
Is 541136567 composite?
False
Is 1409019473 a prime number?
True
Is 664626251 composite?
True
Is 3143597159 a prime number?
True
Is 10314606649 composite?
True
Is 12194389033 composite?
False
Is 41939434511 prime?
False
Is 17084272027 a prime number?
True
Is 601107755 prime?
False
Is 1847532337 a composite number?
True
Is 41143429247 prime?
True
Is 5297757277 a composite number?
True
Is 1956383831 prime?
True
Is 16637611 prime?
False
Is 5428291511 composite?
True
Is 1105460303 a prime number?
False
Is 107711131421 a composite number?
True
Is 473838811 a composite number?
False
Is 463705339 prime?
True
Is 8676583343 prime?
True
Is 4856959 prime?
False
Is 21747219295 a prime number?
False
Is 11186897551 composite?
True
Is 34561987861 prime?
True
Is 30745644521 composite?
True
Is 12118808489 composite?
False
Is 38516708897 composite?
False
Is 428905922 a composite number?
True
Is 3902395589 a composite number?
False
Is 8342462797 prime?
True
Is 1084358755 prime?
False
Is 350132339 composite?
False
Is 916517683 a composite number?
True
Is 210714107 a prime number?
False
Is 156155939 a prime number?
True
Is 25517491163 prime?
False
Is 622134283 a composite number?
False
Is 17757135293 a composite number?
True
Is 19155741377 a prime number?
False
Is 1432246393 prime?
True
Is 1894719107 prime?
True
Is 2625239857 prime?
True
Is 1231296371 a composite number?
True
Is 15591473 a composite number?
True
Is 293827070479 composite?
True
Is 30439743027 a composite number?
True
Is 256556827 a composite number?
False
Is 639174727 prime?
False
Is 2220398533 prime?
False
Is 10844944595 a prime number?
False
Is 64072213 composite?
False
Is 80247456739 prime?
True
Is 83626372121 a composite number?
False
Is 20199055018 composite?
True
Is 8613288407 prime?
False
Is 34882847533 composite?
False
Is 4451107153 prime?
False
Is 459682877 a prime number?
True
Is 59643629737 a composite number?
True
Is 7810016267 prime?
False
Is 14473650127 a composite number?
False
Is 15148388413 prime?
True
Is 65000903119 composite?
False
Is 43588010491 a prime number?
True
Is 413918891 composite?
True
Is 24012721549 composite?
True
Is 590120237 a composite number?
True
Is 102099107 prime?
False
Is 79962008621 prime?
False
Is 126238516349 a composite number?
True
Is 2468915549 prime?
True
Is 2112948919 a composite number?
True
Is 13173354577 a prime number?
True
Is 14897961401 a prime number?
False
Is 26752883 a composite number?
True
Is 879845717383 composite?
False
Is 185619643 prime?
False
Is 2564603066 a composite number?
True
Is 14487146731 composite?
False
Is 18266839 a composite number?
True
Is 76265937359 prime?
True
Is 509675429 prime?
True
Is 1814972977 a prime number?
True
Is 405876750763 composite?
True
Is 6421823557 prime?
False
Is 50681371781 a composite number?
False
Is 3959899939 a composite number?
True
Is 10970584441 a prime number?
False
Is 11002251445 a composite number?
True
Is 53842801 a prime number?
False
Is 287736188021 a prime number?
True
Is 222714289 a composite number?
True
Is 3766378681 a prime number?
False
Is 85937101 prime?
True
Is 5651448727 a composite number?
True
Is 261336641 a prime number?
False
Is 466627039 composite?
False
Is 3557266481 a composite number?
True
Is 14379597149 composite?
True
Is 6008406619 a prime number?
False
Is 1026173257 prime?
False
Is 10510079593 a prime number?
False
Is 7473754 a composite number?
True
Is 4458865421 a prime number?
False
Is 1490080409 a prime number?
False
Is 1279864699 prime?
False
Is 5744157449 a composite number?
True
Is 23705699 prime?
False
Is 2861307583 a composite number?
False
Is 14286139487 prime?
False
Is 4902419141 a composite number?
True
Is 7931477215 composite?
True
Is 9210824257 composite?
False
Is 53659762631 a prime number?
True
Is 61277287 a prime number?
True
Is 67067701581 a composite number?
True
Is 11752801547 composite?
False
Is 487235669 composite?
True
Is 8545779563 a composite number?
False
Is 1129738243 prime?
False
Is 1285735411 a prime number?
True
Is 1215256373 a prime number?
False
Is 901026149 composite?
False
Is 38155845799 prime?
True
Is 1972677557 prime?
True
Is 244229057 a prime number?
True
Is 5121997 composite?
True
Is 28421245861 a prime number?
False
Is 8582720443 composite?
True
Is 592007257 prime?
False
Is 33109715 composite?
True
Is 630073901 a composite number?
True
Is 3558680887 a prime number?
True
Is 51811786331 prime?
True
Is 51485240155 prime?
False
Is 2040096661 a prime number?
True
Is 1552921693 composite?
False
Is 756187501 composite?
False
Is 4625781557 composite?
True
Is 6313822555 a composite number?
True
Is 26315929411 composite?
True
Is 24787940609 composite?
True
Is 108103292821 a composite number?
True
Is 1885573733 a 